the units digit of 316843958?
8
What is the ten thousands digit of 708183772?
8
What is the hundreds digit of 746407220?
2
What is the millions digit of 17100974?
7
What is the units digit of 221116882?
2
What is the units digit of 4210452692?
2
What is the thousands digit of 23194905?
4
What is the hundred millions digit of 898963635?
8
What is the units digit of 112102848?
8
What is the tens digit of 28276703?
0
What is the units digit of 296219198?
8
What is the tens digit of 11346989?
8
What is the hundred millions digit of 411417067?
4
What is the millions digit of 183936041?
3
What is the millions digit of 45198449?
5
What is the hundred thousands digit of 18373638?
3
What is the ten millions digit of 470583681?
7
What is the hundreds digit of 603970567?
5
What is the tens digit of 1099268615?
1
What is the ten thousands digit of 823485434?
8
What is the thousands digit of 20883839?
3
What is the thousands digit of 46362610?
2
What is the thousands digit of 352823686?
3
What is the hundred thousands digit of 42184139?
1
What is the ten millions digit of 917553036?
1
What is the thousands digit of 254437939?
7
What is the thousands digit of 45268796?
8
What is the hundreds digit of 11428099?
0
What is the thousands digit of 84675617?
5
What is the millions digit of 200554347?
0
What is the tens digit of 25429957?
5
What is the units digit of 3348928228?
8
What is the billions digit of 7833499852?
7
What is the ten thousands digit of 38966524?
6
What is the ten thousands digit of 1163301261?
0
What is the millions digit of 178169361?
8
What is the ten millions digit of 62708936?
6
What is the tens digit of 18914225?
2
What is the ten thousands digit of 369350209?
5
What is the hundreds digit of 518561375?
3
What is the ten thousands digit of 85488536?
8
What is the thousands digit of 21736675?
6
What is the hundred millions digit of 568687823?
5
What is the ten millions digit of 35961906?
3
What is the ten millions digit of 11788959?
1
What is the tens digit of 72937502?
0
What is the hundred thousands digit of 1602171969?
1
What is the tens digit of 1877229604?
0
What is the thousands digit of 1703368160?
8
What is the ten thousands digit of 41781261?
8
What is the hundreds digit of 778241035?
0
What is the ten thousands digit of 402269862?
6
What is the ten millions digit of 233630702?
3
What is the thousands digit of 162146081?
6
What is the ten thousands digit of 542817741?
1
What is the ten millions digit of 2494621493?
9
What is the hundred thousands digit of 102373020?
3
What is the tens digit of 330536948?
4
What is the thousands digit of 392989160?
9
What is the millions digit of 1351512?
1
What is the units digit of 191046941?
1
What is the units digit of 28598905?
5
What is the hundred millions digit of 128723849?
1
What is the thousands digit of 796063765?
3
What is the thousands digit of 2476841?
6
What is the millions digit of 28761635?
8
What is the tens digit of 1867561487?
8
What is the hundreds digit of 843204585?
5
What is the tens digit of 77166579?
7
What is the millions digit of 62269921?
2
What is the tens digit of 78563954?
5
What is the thousands digit of 94629092?
9
What is the hundred thousands digit of 89259244?
2
What is the ten thousands digit of 739768091?
6
What is the thousands digit of 57159828?
9
What is the tens digit of 173566981?
8
What is the tens digit of 7333761?
6
What is the ten thousands digit of 10212708?
1
What is the tens digit of 1628597403?
0
What is the hundred millions digit of 1185186495?
1
What is the tens digit of 135867272?
7
What is the hundred thousands digit of 23709500?
7
What is the tens digit of 1354784799?
9
What is the hundred thousands digit of 4504130359?
1
What is the hundred millions digit of 695128316?
6
What is the tens digit of 99102410?
1
What is the ten millions digit of 172323409?
7
What is the hundred thousands digit of 387857390?
8
What is the tens digit of 1746392740?
4
What is the units digit of 2412938835?
5
What is the hundreds digit of 458945171?
1
What is the ten thousands digit of 2417970240?
7
What is the billions digit of 3278139557?
3
What is the ten thousands digit of 281343573?
4
What is the ten thousands digit of 465952768?
5
What is the ten millions digit of 66786126?
6
What is the millions digit of 928786499?
8
What is the hundred millions digit of 139432426?
1
What is the thousands digit of 67767321?
7
What is the ten thousands digit of 1560288883?
8
What is the hundred thousands digit of 462863961?
8
What is the units digit of 172361178?
8
What is the thousands digit of 23630929?
0
What is the units digit of 3158047821?
1
What is the tens digit of 149465579?
7
What is the hundred thousands digit of 664859894?
8
What is the hundreds digit of 226262977?
9
What is the ten millions digit of 42413168?
4
What is the ten millions digit of 118212941?
1
What is the millions digit of 1130770978?
0
What is the ten thousands digit of 573510502?
1
What is the millions digit of 30140214?
0
What is the units digit of 50188684?
4
What is the thousands digit of 332096304?
6
What is the hundreds digit of 333873314?
3
What is the hundreds digit of 2065400771?
7
What is the hundreds digit of 30203794?
7
What is the ten millions digit of 14284116?
1
What is the units digit of 84149625?
5
What is the thousands digit of 1144126798?
6
What is the hundred millions digit of 471657859?
4
What is the millions digit of 5356005206?
6
What is the units digit of 78964037?
7
What is the hundred thousands digit of 643019422?
0
What is the ten thousands digit of 51668026?
6
What is the hundred thousands digit of 463763366?
7
What is the ten millions digit of 120835304?
2
What is the tens digit of 706021749?
4
What is the millions digit of 351924359?
1
What is the tens digit of 2463757135?
3
What is the hundred millions digit of 664972974?
6
What is the thousands digit of 217619134?
9
What is the millions digit of 301082113?
1
What is the millions digit of 112899733?
2
What is the ten millions digit of 62255638?
6
What is the hundred thousands digit of 2074115035?
1
What is the units digit of 79345062?
2
What is the hundred thousands digit of 56314503?
3
What is the tens digit of 7295428436?
3
What is the hundreds digit of 391325212?
2
What is the hundred millions digit of 393717415?
3
What is the thousands digit of 2609162066?
2
What is the tens digit of 50464387?
8
What is the ten millions digit of 632241275?
3
What is the hundreds digit of 7902736301?
3
What is the hundred millions digit of 421654626?
4
What is the hundred thousands digit of 674041886?
0
What is the hundred thousands digit of 2719570403?
5
What is the ten millions digit of 448490324?
4
What is the ten thousands digit of 14622986?
2
What is the tens digit of 4754832?
3
What is the thousands digit of 29157860?
7
What is the thousands digit of 361155230?
5
What is the tens digit of 70458167?
6
What is the hundred millions digit of 490472290?
4
What is the hundred thousands digit of 322904690?
9
What is the units digit of 131140142?
2
What is the tens digit of 111518569?
6
What is the ten millions digit of 415817914?
1
What is the ten thousands digit of 1804927927?
2
What is the units digit of 1657255421?
1
What is the millions digit of 32508646?
2
What is the thousands digit of 34073996?
3
What is the ten millions digit of 248667556?
4
What is the thousands digit of 440639303?
9
What is the ten millions digit of 44243279?
4
What is the tens digit of 268669507?
0
What is the units digit of 4193030419?
9
What is the hundred thousands digit of 610016856?
0
What is the millions digit of 70351657?
0
What is the units digit of 1568552399?
9
What is the thousands digit of 243911147?
1
What is the ten thousands digit of 372592?
7
What is the units digit of 37339909?
9
What is the millions digit of 16598729?
6
What is the millions digit of 7991528792?
1
What is the hundred thousands digit of 289892542?
8
What is the tens digit of 883451287?
8
What is the thousands digit of 4709504614?
4
What is the hundred millions digit of 647304606?
6
What is the hundreds digit of 399109300?
3
What is the billions digit of 2398315476?
2
What is the hundred millions digit of 1856313391?
8
What is the billions digit of 2052307453?
2
What 